culate the highest common factor of q and 205.
41
Suppose 1020 = 5*a + 5*w, 218*a - 221*a + w + 636 = 0. Calculate the greatest common divisor of a and 3290.
70
Let u be 0/(-2) + -924 + 28. Let b be (-9)/(-27) - u/12. What is the highest common divisor of 60 and b?
15
Let k = -332 + 365. Let a be 9/k + 21154/77. Suppose 2*z + z + 5*j = 85, 2*z - 44 = 3*j. What is the highest common divisor of z and a?
25
Let n = 0 - -7. Suppose -2*h - h = -18. Let q be (98/(-28))/((-1)/h). What is the greatest common factor of n and q?
7
Suppose 7*r + 6*r = 3*r + 2790. What is the greatest common factor of r and 27?
9
Let t be ((-8)/20)/(3/1260*-1). Suppose -3*f + 78 = -2*j, 2*f + j + 0*j = 45. What is the greatest common divisor of t and f?
24
Let c(d) = -3*d**3 - 16 + 58 + 4*d**3 - 31*d**2 - 2*d**3 - 7*d + 20*d**2. Let y be c(-10). Calculate the highest common factor of 246 and y.
6
Suppose -3*v = -2*r - 919, -1267*r + 1268*r - 622 = -2*v. Calculate the greatest common divisor of v and 9.
3
Let f(m) = m**2 + 5*m - 19. Let r be f(3). Suppose -25 = r*j, -3*g = -0*g - j - 29. Calculate the highest common divisor of g and 56.
8
Let d be 926/(-3241) + 3432/7. Calculate the greatest common factor of 4606 and d.
98
Let g be 327/(-654)*(0 + 16160/(-2)). Calculate the greatest common divisor of 60 and g.
20
Suppose -5318 + 902 = -368*k. What is the highest common factor of 5196 and k?
12
Let g(f) = -f**3 + 7*f**2 + 4*f - 6. Let z be ((-33)/(-5) - 0) + (-40)/(-100). Let a be g(z). What is the highest common divisor of 22 and a?
22
Let m be 3/12*0 + 2. Let y = 304 + -301. Suppose k - y*k = -5*v + 73, -3*v + 43 = -m*k. What is the highest common factor of 120 and v?
15
Let d(x) be the first derivative of -43*x**2 + 19*x - 100. Let k be d(-15). What is the greatest common divisor of k and 77?
77
Suppose -268 + 61 = -79*f + 109. Calculate the greatest common divisor of f and 17356.
4
Let r = -18 - -40. Suppose -y - 6 = -r. Suppose 6 = 2*s, -467 - 401 = -5*p + 4*s. What is the highest common divisor of p and y?
16
Let l be (2 + 11 + 12)*96. What is the greatest common factor of l and 96?
96
Let o(s) = 87*s**2 + 4*s - 25. Let u(d) = 29*d**2 + d - 8. Let l(w) = -2*o(w) + 7*u(w). Let m be l(-2). What is the highest common factor of 14 and m?
14
Suppose 0 = -0*m + m - 4*w - 35, 3*w + 273 = 6*m. Let y = -65 - -38. Let i = y + m. What is the highest common factor of i and 8?
4
Let b be 704/7 + 0 + (-8)/14. Suppose -2*q = 3*q, -2*y = -3*q - 280. Calculate the greatest common divisor of y and b.
20
Let i = -5809 - -5823. Suppose 0*y = 4*y - 252. Calculate the highest common divisor of y and i.
7
Let r = 5454 - 5248. What is the greatest common factor of 20806 and r?
206
Suppose -c + 2*r + 16 - 4 = 0, 2*c = -4*r. Let s be 15/(-20)*c*-62. Let u(a) = 5*a + 1. Let l be u(6). What is the greatest common factor of s and l?
31
Suppose 163 = 13*s - 97. Suppose s*q - 19*q - 130 = 0. Calculate the highest common factor of 91 and q.
13
Suppose 9 - 107 = -14*m. Let q be m/(-3)*-3*6/42. What is the highest common divisor of 11 and q?
1
Suppose -8*v + 135 = 7*v. Suppose 0 = -x - 2*h + 49, 3*h = -5*x + h + 253. Let j = x + v. Calculate the highest common factor of j and 150.
30
Suppose -1 = 3*g - 25. Suppose -g*j + 220 = -3*j. Let a be -6*(208/(-12) - 1). Calculate the greatest common factor of j and a.
22
Let m = -662 - -695. Let c be (-6)/(-3) - (-225)/3. Let i = c + -44. What is the highest common factor of m and i?
33
Suppose 0 = 2*a + 4*l + 24, -l + 26 + 67 = -5*a. Let k = a - -15. Let s be 1*(-2 + 1) + (4 - k). Calculate the greatest common divisor of s and 24.
6
Let o be 72/(-8)*((4 - 9) + 4). Suppose n = o + 45. What is the highest common factor of 135 and n?
27
Let a(i) = -78*i - 13. Let q(y) = -y. Let f(r) = -a(r) + 65*q(r). Let h be f(-10). Let o be 2/(-4 - 471/h). Calculate the highest common divisor of o and 13.
13
Let g be ((-57)/(-9) + (-10 - -4))*813. Suppose -18*w = -g - 845. Calculate the highest common factor of w and 248.
62
Suppose -52 = g - 62*n + 60*n, -4*g - 208 = 2*n. Let w be 5*(-2 + g/(-20)). Calculate the highest common factor of 39 and w.
3
Let j be (-50)/4*(-88)/110 - 4. Let k be 4/((-12)/9)*j/(-9). Calculate the highest common divisor of k and 22.
2
Let m(a) = a**3 + 8*a**2 - 22*a - 18. Let f be m(-10). Suppose -4*z = f*z - 192. What is the highest common factor of 24 and z?
8
Suppose 37*p = 24*p + 1794. Suppose 14*l = 37*l - p. Calculate the highest common divisor of l and 8.
2
Suppose -3*i + 6553 = 4*w, 434*w - 436*w = 3*i - 3287. What is the greatest common divisor of w and 69?
23
Let b = 4916 - 4831. Calculate the greatest common divisor of 459 and b.
17
Let f = 255 - 243. Let o be (12/(-9))/(f/(-72)). What is the greatest common divisor of o and 392?
8
Let b(m) be the third derivative of m**6/120 + m**5/15 - m**4/24 - m**3/3 + 251*m**2. Let i be b(-3). Calculate the highest common divisor of i and 610.
10
Let j = -215 - -216. Let c = 197 + -178. Calculate the greatest common divisor of j and c.
1
Let o(k) = -k**2 + 34*k - 259. Let s be o(17). Calculate the highest common divisor of 15530 and s.
10
Let s = -106 - -103. Let q be (5 + 16/(-1))*s. Calculate the highest common factor of 143 and q.
11
Suppose 2*s = 4*l, -5*s - l + 4*l = -28. Let h = 43 - s. Suppose 0 = -6*o + 11*o - 35. What is the greatest common factor of o and h?
7
Suppose -c = -2*c - v + 1, 13 = -5*c + v. Let y = 19 + -18. Let k be 52/2 + c/y. What is the highest common factor of k and 60?
12
Suppose -2*p - 2*u = u - 11, u - 6 = -3*p. Let t(r) = 182*r**2 - 2*r. Let k be t(p). Let y be (2/6 - -1)*54. Calculate the highest common factor of k and y.
36
Suppose -2201 = -121*j + 10496 + 1460. What is the greatest common divisor of j and 143?
13
Let m(s) = 184*s**2 + 50*s. Let z be m(-7). Calculate the highest common divisor of z and 14.
14
Let o(q) = 40 - 40 - 16*q**2 - q. Let a be o(-1). Let i be (1 + (-12)/9 + 0)*a. Calculate the greatest common factor of i and 20.
5
Let y(a) = -a**3 + 6*a**2 - 7*a + 30. Let q(o) = o**3 + 18*o**2 - 19*o + 5. Let u be q(-19). Let d be y(u). What is the greatest common divisor of 5 and d?
5
Let a(b) = -b**2 + 36*b + 37. Let o be a(37). Suppose o = 7*m - 696 + 108. What is the greatest common factor of m and 588?
84
Let y = -682 + 862. What is the greatest common divisor of y and 342?
18
Let c(p) = -p + 24. Suppose -5*a = 2*h - 76, -3*a = 5*h + 2 - 59. Let b be c(a). Suppose 6*f = -49*f + 220. Calculate the greatest common divisor of b and f.
2
Suppose -259*o - 121 = -270*o. Calculate the highest common divisor of 2750 and o.
11
Let w(f) = 4*f**2 - 11*f + 50. Let b be w(7). Suppose 6*h - 119 = b. Calculate the highest common factor of h and 528.
48
Suppose 190 = 3*m - 875. Calculate the greatest common divisor of 213 and m.
71
Suppose 1798 = -5*s + 3083. What is the greatest common factor of s and 1?
1
Suppose 93*z + 72 - 630 = 0. What is the greatest common divisor of 542 and z?
2
Suppose 0 = -9*g + 3*d + 21, 5*d = -13*g + 9*g + 3. What is the greatest common factor of 257 and g?
1
Let x(m) = -9*m - 94. Let p be x(-11). Let o be 45 + (1 - p) + 1. Calculate the greatest common divisor of 168 and o.
42
Let b = 847 + -344. Let c = 511 - b. What is the highest common factor of 128 and c?
8
Suppose 5*a - 18 = -b, 0 = b - 4*a - 62 - 10. What is the highest common divisor of 18 and b?
6
Let s = -3251 - -3264. Calculate the greatest common factor of s and 403.
13
Let g = -1589 - -1701. Let c be 4/16*4 + 41. What is the highest common divisor of g and c?
14
Suppose 0 = 31*c + 18 - 142. Suppose c*q + 3*f = 8*f + 345, 0 = -5*q + 3*f + 441. What is the highest common factor of q and 162?
18
Let u(h) be the second derivative of h**3/3 - 3*h**2/2 + 53*h + 2. Suppose 5*n - 60 + 25 = 0. Let t be u(n). Calculate the highest common factor of t and 44.
11
Suppose -4*d - 1 = -1. Suppose 4*n - i - 20 = d, 3*n - i = -5 + 21. Let w be (-2)/(n/(-2))*10. What is the greatest common factor of 110 and w?
10
Let i = -11845 - -12028. What is the greatest common factor of 244 and i?
61
Let f be 176/(-64) + (-380)/(-16). Let h be 0 + (-1)/(-1) + 13. Calculate the greatest common divisor of h and f.
7
Let s(h) = -73*h - 47 - 8 - 43 - 36. Let l be s(-8). Calculate the greatest common factor of 